alse
Let p = 440 - -181. Is p a multiple of 2?
False
Let b(p) = 10*p - 5. Let v(d) = 31*d - 14. Let m(h) = -11*b(h) + 4*v(h). Is m(7) a multiple of 14?
False
Let m(c) be the second derivative of -7*c**3/6 - c**2/2 - 4*c. Suppose 20 = -2*q - 2*q. Is m(q) a multiple of 30?
False
Let b(w) = 104*w**2 + 1. Let s be 3/(-2) - 11/(-22). Let i be b(s). Let n = i - 21. Is n a multiple of 27?
False
Let k(v) = -v + 1. Let x(m) = 12. Let q(l) = 4*k(l) - x(l). Is q(-4) even?
True
Let w = 62 - -49. Suppose 5*o = -5, w = 5*m + o - 398. Does 19 divide m?
False
Suppose 4*u - 207 = 3*l, -6 = 4*u + 5*l - 237. Suppose -u + 144 = 5*h. Is 3 a factor of h?
True
Let c = 473 + -398. Is 7 a factor of c?
False
Let b be (222/4 - -4)*-2. Let h = b + 216. Let s = -65 + h. Is 16 a factor of s?
True
Let j be 8/(-20) + (-104)/40. Let c(d) be the second derivative of -7*d**3/3 - 2*d**2 + 2*d. Is 19 a factor of c(j)?
True
Let y(f) = 2*f**3 - 2*f**2 - f - 1. Let s be y(2). Suppose -5*q = s*h - 605, 0 = -5*h - 4*q - 0*q + 610. Does 9 divide h?
True
Let d(l) = -l**3 + l**2 - 2*l + 10. Let u be d(0). Let j(w) = w**3 - 7*w**2 - 19*w - 5. Does 15 divide j(u)?
True
Let t(u) = -2 - 5 + 0 + u**2 - 3*u. Let f be t(5). Suppose -25 = f*z + 2*z, 4*z - 40 = -2*m. Does 12 divide m?
False
Suppose -9*f = -29 - 7. Is f/(-1) + (226 - (-8 + 2)) a multiple of 12?
True
Let k = -174 - -291. Let m = 382 - k. Suppose 2*y + p = 109, -5*y = 5*p - p - m. Is 13 a factor of y?
False
Let x = 892 - 389. Is x a multiple of 14?
False
Let s = -16 - -44. Let z(v) = v**3 - 5*v**2 - 7*v + 1. Let l be z(6). Let y = l + s. Does 11 divide y?
False
Let g(i) = -i**3 + 8*i**2 + 8*i + 11. Let f be g(9). Let a = 21 + f. Is a a multiple of 23?
True
Suppose -2*d = -g - 13, 2*g = 3*d - 16 - 11. Does 12 divide ((-159)/15 - (-6)/g)*-12?
True
Suppose 3 = 3*y - 2*d, -3*y + 0*d = d - 12. Suppose -t - 5*n = y + 22, 4*t - 5 = n. Suppose t = -k - 0*k + 21. Does 20 divide k?
False
Let k(p) = -14*p - 25. Let f(q) = -5*q - 8. Let n(l) = l**2 - 2*l + 3. Let y be n(4). Let r(t) = y*f(t) - 4*k(t). Does 17 divide r(5)?
True
Suppose 0*b = -4*b - 5*v + 3113, -4*b + 3068 = -4*v. Does 15 divide b?
False
Let o be ((-4)/(-1))/(-2 + 0). Is 4 a factor of ((-9)/(-12))/(o/(-48))?
False
Let n be ((-8)/10)/(34/3145). Let m = n - -171. Does 10 divide m?
False
Let k(u) = u**3 - 6*u**2 + 11*u - 8. Let t = 75 - 67. Is k(t) a multiple of 35?
False
Let t(p) = -p**2 - 5*p - 4. Let y = 22 + -26. Let m be t(y). Suppose -3*n + 8 + 4 = m. Is n even?
True
Let c(d) = -15*d**2 + 15*d + 3. Let o(x) = 7*x**2 - 8*x - 1. Let s(p) = -6*c(p) - 11*o(p). Is s(-3) a multiple of 29?
True
Let x = -40 + 44. Suppose -x*i + 64 = -6*m + 5*m, -3*i - 2*m = -59. Does 15 divide i?
False
Suppose -4*c = -i + 10, -4*i = 4*c + i - 2. Is (5 - -83)/(c/(-4)) a multiple of 44?
True
Suppose -7*b = -9*b + 258. Let x = 350 - b. Does 13 divide x?
True
Let t be (-56)/9 - (24/(-27))/4. Is 31 a factor of (-2)/((t/15)/(102/10))?
False
Is 36 a factor of (-4)/(-2) + (-5)/((-65)/4654)?
True
Let w(b) = -38*b - 2. Suppose 0 = -0*z - 2*z - n + 21, 2*z + 2*n - 22 = 0. Let g = z + -12. Is w(g) a multiple of 14?
False
Let b = 302 + -212. Is b a multiple of 30?
True
Let t = 133 - -35. Suppose -m - t = -3*m. Is m a multiple of 21?
True
Suppose -21*i + 66710 = 14*i. Does 7 divide i?
False
Let z(a) = a**3 + 12*a**2 - 16*a - 57. Is 33 a factor of z(-9)?
True
Let f(r) = r**3 + 4*r**2 - 6*r + 7. Let q be f(-5). Does 9 divide (-4)/6 + (-3 - (-356)/q)?
False
Is 25 a factor of (-46107)/(-63) - (-2)/14?
False
Let p(l) = l**2 - 34. Let t be p(-6). Let b = 14 - t. Is 6 a factor of b?
True
Let z(m) = -m. Let g be z(-3). Suppose 0 = g*q - q - 6. Suppose -2*b - 2*r - q*r + 43 = 0, -3*b + 77 = -5*r. Is b a multiple of 6?
True
Let f = -514 + 2809. Does 15 divide f?
True
Let d = -316 - -1005. Does 65 divide d?
False
Suppose 5*o - 3*t = 49, -4*t = -o - 3*o + 36. Suppose 94 = 13*c - o*c. Is c a multiple of 14?
False
Let q(h) = -7*h**2 - 11*h - 10 + 6*h**2 - 2. Does 2 divide q(-7)?
True
Let y = 232 + -112. Does 4 divide y?
True
Suppose 0 = 5*w + 2*d - 2972, -15*w - 1768 = -18*w - 5*d. Does 5 divide w?
False
Let b be 3 - ((-8)/(-4) - 1). Is 17 a factor of b/8 - 3430/(-40)?
False
Suppose 2*x - 5*n = 936 + 797, -5*x + 4349 = 4*n. Is 147 a factor of x?
False
Let p(q) = -275*q - 2. Does 8 divide p(-2)?
False
Let s(o) = o**2 + 8*o - 24. Is 2 a factor of s(-12)?
True
Let i(v) = -5*v - 3. Let g = 3 - 1. Suppose -g*q - 4*z = -q + 15, 4*q + 18 = 5*z. Is i(q) a multiple of 8?
True
Is 70 - (-13 - -8 - -8) a multiple of 2?
False
Let l be 4/2*(0 + 15). Let v = 110 - l. Let m = v - 48. Does 16 divide m?
True
Let b(o) = o**2 + 18*o - 23. Let j be b(-19). Is (j - 48)*(-2)/4 a multiple of 3?
False
Let j be (-1)/1*0/(-2). Suppose -2*h - 8 = -4*z, -2*z - 2 + j = -4*h. Suppose -h*o + 166 = 20. Does 27 divide o?
False
Let g(d) be the first derivative of 2 + 2 - 7*d**2 + 56*d - 53*d. Does 16 divide g(-5)?
False
Let n(m) = m**3 + 31*m**2 + 54*m - 8. Does 9 divide n(-29)?
True
Suppose 2*v = 5*k + 174 + 72, -3*v = -2*k - 369. Is v a multiple of 41?
True
Suppose 0 = -2*b + 5*n - 212, -2*b - 2*n - 212 = -0*n. Let i = b + 153. Is 22 a factor of i?
False
Let u be (-1371)/(-4) - (-24)/(-32). Let g = -238 + u. Suppose 3*f = 4*p - g, 0 = 4*p - f - 9 - 103. Is p a multiple of 6?
False
Let o be -1*4*20/(-40). Suppose 3*b - 10 = -o*b. Does 25 divide ((-600)/3 - b)/(-2)?
False
Suppose x = -3*p - 3 - 10, 5*p + 4*x = -24. Let c = p + 17. Is 5 a factor of c?
False
Suppose 4*y + 11 = -3*v, 0*v = -3*y - 2*v - 7. Suppose -w + y = -8. Let o(x) = x**2 - 7*x - 8. Is 5 a factor of o(w)?
True
Let h = 29 - 32. Does 5 divide (-1)/(-3)*h*-13?
False
Suppose -7*w = -8*w - 1407. Is -14*w/90 + 10/75 a multiple of 40?
False
Suppose 23*i = 30*i - 2184. Is i a multiple of 78?
True
Let k = 3 - 2. Let n(s) = 2*s + 28*s**3 + 0 + 3 - s**2 - 6 + 2. Does 14 divide n(k)?
True
Let s = 171 + -360. Let w = -77 - s. Does 14 divide w?
True
Let g(p) = -13 + 10 + 4*p**2 - 3*p**2. Let d be g(0). Does 6 divide (1 - d)/((-6)/(-9))?
True
Let n(p) = 3*p - 18. Let q be n(8). Suppose -9 = -5*s + q. Is 4/6 - (-295)/s a multiple of 29?
False
Let q = -1642 + 3766. Is q a multiple of 65?
False
Suppose -2*g + 7852 = 2*g - 4*v, 0 = -4*g - v + 7862. Does 11 divide g?
False
Let n = -1514 - -4114. Is 13 a factor of n?
True
Let p(a) = 53*a**2 - 8*a. Is p(2) a multiple of 6?
False
Suppose -4*v - v = 0. Is 24 a factor of (v + 60)*(-4 - -10 - 4)?
True
Is 384*(-7)/(-63)*3 a multiple of 28?
False
Suppose -w - 11 = -2*n, -2*w - 10 + 4 = 4*n. Let b be 11 + w + 0 + -1. Does 17 divide (b + -3 - -2) + 50?
False
Let i(a) be the second derivative of a**6/360 - a**5/40 - a**4/6 - 5*a**3/6 + 2*a. Let r(c) be the second derivative of i(c). Is 15 a factor of r(8)?
False
Suppose -5*m = 2*l - 6 - 2, l = m + 4. Suppose m = 5*p - 4*p - 52. Does 12 divide p?
False
Let u = 333 + -47. Suppose 0 = -4*d - 7*d + u. Is d a multiple of 13?
True
Suppose 5*s + n - 835 = 5*n, 2*s = -n + 347. Let r = s + -97. Does 7 divide r?
False
Suppose -154 + 7858 = 8*l. Is l a multiple of 28?
False
Suppose 5*p = 4*h - 25, 2*h - 6*h = -3*p - 15. Suppose -2*f + h*f = 12. Let l(b) = -b + 5. Does 8 divide l(f)?
False
Let n(a) be the first derivative of -a**3/3 + 2*a**2 - a + 4. Let d be n(4). Does 9 divide (0 - -3)*d - -51?
False
Let a be 24/(-1)*4/(-18)*6. Let b = a + 141. Does 29 divide b?
False
Let g(w) = w**3 - 12*w**2 + 11*w - 4. Let f be g(11). Let h(k) = -k - 1. Let t be h(f). Suppose t*s - 28 = -s. Does 3 divide s?
False
Suppose -2*u + y + 5 = -5, -3*y = 5*u - 14. Let x = -3 - u. Let f(c) = c**2 + c - 12. Is 18 a factor of f(x)?
False
Let w(j) = -j**3 + 8*j**2 - 8*j + 2. Let k(b) = -b**3 - b**2 + 3*b - 3. Let i be ((-18)/(-15))/((-8)/20). Let h be k(i). Is 13 a factor of w(h)?
True
Is 111 a factor of ((-237)/158)/((-1)/222)?
True
Suppose -5*g + 20 = 0, -5*q + 3224 = -4*g + 5*g. Is q a multiple of 16?
False
Let c(g) = -11*g**3 + 3. Let f(h) = -44*h**3 + h**2 + 13. Suppose 0*q = -q + 4, -3*l + 3*q + 15 = 0. Let j(n) = l*c(n) - 2*f(n). Is j(-1) a multiple of 5?
True
Let b = -105 - -70. Let o = b - -48. Does 13 divide o?
True
Suppose 2*u - 3*h - 12 = 0, u - 4*h = 4*u - 35. Suppose 0 = -u*v + 3*v + 540. Is 18 a factor of v?
True
Let d(v) = v**2 + 3*v + 2. Le